nder when 40958389 is divided by 3150645.
4
Calculate the remainder when 103825894 is divided by 463.
459
What is the remainder when 1308912 is divided by 641?
631
Calculate the remainder when 2431806 is divided by 810585.
51
Calculate the remainder when 84012 is divided by 1317.
1041
Calculate the remainder when 325828896 is divided by 1172.
4
What is the remainder when 183656 is divided by 5533?
1067
Calculate the remainder when 787740 is divided by 246.
48
What is the remainder when 147244 is divided by 33?
31
What is the remainder when 1833455 is divided by 127?
83
What is the remainder when 1374438 is divided by 4806?
4728
What is the remainder when 3483208 is divided by 61?
47
What is the remainder when 3142523 is divided by 1571143?
237
What is the remainder when 4877 is divided by 4412?
465
What is the remainder when 221053 is divided by 2696?
2677
Calculate the remainder when 330109917 is divided by 42.
39
Calculate the remainder when 5939787 is divided by 103.
86
Calculate the remainder when 6722973 is divided by 78.
75
Calculate the remainder when 3117437 is divided by 2387.
15
Calculate the remainder when 2737775 is divided by 2737506.
269
What is the remainder when 12590368 is divided by 6295184?
0
Calculate the remainder when 894077 is divided by 298005.
62
What is the remainder when 29740 is divided by 2684?
216
What is the remainder when 2668508 is divided by 130?
128
Calculate the remainder when 295985308 is divided by 422.
416
What is the remainder when 166533527 is divided by 122?
111
What is the remainder when 69035 is divided by 5744?
107
What is the remainder when 38861 is divided by 36657?
2204
What is the remainder when 12857 is divided by 9383?
3474
What is the remainder when 587171 is divided by 73395?
11
Calculate the remainder when 60110 is divided by 15023.
18
Calculate the remainder when 383037 is divided by 382910.
127
Calculate the remainder when 94323 is divided by 1453.
1331
What is the remainder when 4981238 is divided by 35?
3
What is the remainder when 5416801 is divided by 17587?
5
What is the remainder when 202057 is divided by 62?
61
What is the remainder when 681452428 is divided by 243?
238
What is the remainder when 201200 is divided by 12449?
2016
Calculate the remainder when 376693 is divided by 928.
853
Calculate the remainder when 3012347 is divided by 1046.
913
What is the remainder when 22821 is divided by 5522?
733
What is the remainder when 164858 is divided by 261?
167
Calculate the remainder when 91478063 is divided by 665.
663
What is the remainder when 125807 is divided by 5712?
143
Calculate the remainder when 361676 is divided by 588.
56
What is the remainder when 724020 is divided by 3746?
1042
Calculate the remainder when 274585 is divided by 5180.
45
Calculate the remainder when 244655 is divided by 20373.
179
What is the remainder when 1029304 is divided by 171513?
226
What is the remainder when 8126153 is divided by 161?
0
Calculate the remainder when 409531 is divided by 376.
67
Calculate the remainder when 8547394 is divided by 625.
519
Calculate the remainder when 37189663 is divided by 516.
511
Calculate the remainder when 75022704 is divided by 1455.
1449
What is the remainder when 3196 is divided by 828?
712
What is the remainder when 37504955 is divided by 815322?
143
What is the remainder when 1685571 is divided by 6?
3
What is the remainder when 908025 is divided by 106?
29
Calculate the remainder when 157073 is divided by 808.
321
What is the remainder when 715954 is divided by 1356?
1342
What is the remainder when 2363688 is divided by 26?
2
Calculate the remainder when 2935679 is divided by 20.
19
Calculate the remainder when 74881545 is divided by 3021.
18
What is the remainder when 63482 is divided by 383?
287
Calculate the remainder when 77723 is divided by 2355.
8
Calculate the remainder when 41800 is divided by 20859.
82
Calculate the remainder when 25708023 is divided by 672.
663
Calculate the remainder when 33052712 is divided by 12.
8
What is the remainder when 23001 is divided by 4123?
2386
Calculate the remainder when 274095 is divided by 83.
29
Calculate the remainder when 132532394 is divided by 100.
94
What is the remainder when 11828895 is divided by 851?
846
What is the remainder when 61691705 is divided by 2889?
2888
What is the remainder when 41656387 is divided by 34?
29
What is the remainder when 357856 is divided by 1190?
856
What is the remainder when 11238 is divided by 3584?
486
Calculate the remainder when 191857 is divided by 31773.
1219
Calculate the remainder when 1576144 is divided by 4397.
2018
What is the remainder when 1061937 is divided by 265479?
21
What is the remainder when 489903 is divided by 4082?
63
What is the remainder when 226021157 is divided by 774?
773
What is the remainder when 1330744 is divided by 664703?
1338
Calculate the remainder when 22900 is divided by 1344.
52
What is the remainder when 79019 is divided by 8265?
4634
What is the remainder when 69966562 is divided by 26?
16
What is the remainder when 19167016 is divided by 1502?
1496
Calculate the remainder when 64108126 is divided by 16027030.
6
What is the remainder when 6202798 is divided by 60?
58
What is the remainder when 45494 is divided by 5794?
4936
What is the remainder when 186963683 is divided by 93481840?
3
Calculate the remainder when 677030 is divided by 426.
116
What is the remainder when 880275 is divided by 58682?
45
What is the remainder when 2687129 is divided by 415?
4
What is the remainder when 2337323 is divided by 1168126?
1071
What is the remainder when 196371 is divided by 32688?
243
What is the remainder when 48789 is divided by 549?
477
Calculate the remainder when 5575697 is divided by 796527.
8
Calculate the remainder when 3182369 is divided by 1060770.
59
What is the remainder when 19359356 is divided by 314?
0
Calculate the remainder when 2341414757 is divided by 3145.
3142
What is the remainder when 24244 is divided by 578?
546
What is the remainder when 388510 is divided by 1073?
84
What is the remainder when 51961 is divided by 3710?
21
Calculate the remainder when 46404 is divided by 9168.
564
Calculate the remainder when 361702 is divided by 177825.
6052
Calculate the remainder when 793889 is divided by 49615.
49
Calculate the remainder when 1277586 is divided by 7259.
2
Calculate the remainder when 6614538 is divided by 287585.
83
What is the remainder when 1238218 is divided by 309546?
34
What is the remainder when 283827734 is divided by 148?
142
Calculate the remainder when 999171 is divided by 22203.
36
What is the remainder when 12416983 is divided by 142?
77
What is the remainder when 25759219 is divided by 137017?
23
Calculate the remainder when 1724298 is divided by 22.
4
Calculate the remainder when 543287 is divided by 390.
17
What is the remainder when 47756020 is divided by 119990?
0
What is the remainder when 68277456 is divided by 34138722?
12
What is the remainder when 79974 is divided by 38397?
3180
What is the remainder when 60871 is divided by 20218?
217
What is the remainder when 281563 is divided by 1647?
1573
Calculate the remainder when 278490 is divided by 21393.
381
Calculate the remainder when 1672836 is divided by 238913.
445
Calculate the remainder when 1586141 is divided by 1187.
309
What is the remainder when 1523125 is divided by 95195?
5
What is the remainder when 114292604 is divided by 15?
14
Calculate the remainder when 182434389 is divided by 12.
9
Calculate the remainder when 685017 is divided by 129.
27
Calculate the remainder when 83712958 is divided by 281.
248
Calculate the remainder when 661106 is divided by 5123.
239
What is the remainder when 441011 is divided by 52?
51
Calculate the remainder when 21230073 is divided by 357.
354
Calculate the remainder when 1037214 is divided by 344942.
2388
Calculate the remainder when 2513826 is divided by 109296.
18
Calculate the remainder when 3982589 is divided by 27.
8
What is the remainder when 227406 is divided by 1370?
1356
What is the remainder when 217863 is divided by 1379?
1360
Calculate the remainder when 80819248 is divided by 547.
545
What is the remainder when 82071 is divided by 7398?
693
What is the remainder when 54459 is divided